{"id":39,"date":"2025-10-16T11:25:07","date_gmt":"2025-10-16T11:25:07","guid":{"rendered":"https:\/\/rezervari-dev1.bisericagrant.ro\/?page_id=39"},"modified":"2025-10-16T12:13:47","modified_gmt":"2025-10-16T12:13:47","slug":"termen-si-conditii","status":"publish","type":"page","link":"https:\/\/rezervari.bisericagrant.ro\/index.php\/termen-si-conditii\/","title":{"rendered":"Termeni si conditii"},"content":{"rendered":"\n<p id=\"isPasted\"><strong>TERMENII \u015eI CONDI\u0162IILE DE UTILIZARE&nbsp;<\/strong><\/p>\n\n\n\n<p><strong>a site-ului&nbsp;<\/strong><a href=\"http:\/\/www.bisericagrant.ro\/\"><strong>www.bisericagrant.ro<\/strong><\/a><strong>&nbsp;, site ce apar\u021bine UNIUNII DE CONFERIN\u021aE A BISERICII ADVENTISTE DE ZIUA A \u0218APTEA din Rom\u00e2nia, denumit\u0103 \u00een continuare BISERICA ADVENTIST\u0102 DE ZIUA A \u0218APTEA.&nbsp;<\/strong><\/p>\n\n\n\n<p><strong>Toate drepturile rezervate.<\/strong><\/p>\n\n\n\n<p><strong>Adresa: Erou Iancu Nicolae Nr. 38-38A Voluntari , Ilfov, 077190, Rom\u00e2nia. Telefon: +4 0740 104 001, &nbsp;email: comunicare@adventist.ro,<\/strong><\/p>\n\n\n\n<p>Ultima actualizare: 15 Aprilie 2025<\/p>\n\n\n\n<p>V\u0103 mul\u021bumim c\u0103 a\u021bi ales s\u0103 vizita\u021bi site-ul oficial al Bisericii Adventiste de Ziua a \u0218aptea \u2013 COMUNITATEA GRANT (<a href=\"http:\/\/www.bisericagrant.ro\/\">www.bisericagrant.ro<\/a>).<\/p>\n\n\n\n<p>Utilizarea site-ului&nbsp;<a href=\"http:\/\/www.bisericagrant.ro\/\">www.bisericagrant.ro<\/a>&nbsp;implic\u0103 acceptarea termenilor \u015fi condi\u0163iilor de utilizare me\u0163ionate \u00een aceasta pagin\u0103. Dac\u0103 nu sunte\u0163i de acord sau nu accepta\u0163i Termenii \u015fi condi\u0163iile de utilizare ale acestui site v\u0103 rug\u0103m s\u0103 p\u0103r\u0103si\u0163i acest site web.<\/p>\n\n\n\n<p><strong>TERMENI GENERALI&nbsp;<\/strong><\/p>\n\n\n\n<p>a. Site-ul&nbsp;<a href=\"http:\/\/www.bisericagrant.ro\/\">www.bisericagrant.ro<\/a>&nbsp;este proprietatea BISERICII ADVENTISTE DE ZIUA A \u0218APTEA. Accesarea acestui site ori a oric\u0103rei p\u0103r\u0163i din acest site presupune acordul tacit cu termenii ce urmeaz\u0103. Acordul de utilizare \u00ee\u015fi produce efectele \u00eentre dumneavoastr\u0103 \u015fi BISERICA ADVENTIST\u0102 DE ZIUA A \u0218APTEA. Acceptarea se consider\u0103 tacit\u0103 \u015fi f\u0103r\u0103 rezerve.<\/p>\n\n\n\n<p>b. BISERICA ADVENTIST\u0102 DE ZIUA A \u0218APTEA poate schimba con\u0163inutul site-ului \u00een orice moment, poate aduce modific\u0103ri de structur\u0103, con\u0163inut \u015fi accesibilitate, poate sista furnizarea informa\u0163iilor pe site, f\u0103r\u0103 un acord prealabil \u015fi f\u0103r\u0103 vreo notificare c\u0103tre dumneavoastr\u0103 ori c\u0103tre ter\u0163e persoane.<\/p>\n\n\n\n<p>c. Continuarea utiliz\u0103rii site-ului presupune acordul dumneavoastr\u0103 tacit \u015fi acordul \u00een \u00eentregime cu Termenii \u015fi condi\u0163iile prezentate \u00een cele ce urmeaz\u0103. Utilizarea presupune acceptarea regulilor&nbsp;<a href=\"http:\/\/www.bisericagrant.ro\/\">www.bisericagrant.ro<\/a>&nbsp;.<\/p>\n\n\n\n<p>d. BISERICA ADVENTIST\u0102 DE ZIUA A \u0218APTEA poate schimba, suspenda sau \u00eentrerupe, \u00een orice moment, f\u0103r\u0103 a anun\u0163a \u00een prealabil, site-ul&nbsp;<a href=\"http:\/\/www.bisericagrant.ro\/\">www.bisericagrant.ro<\/a>&nbsp;sau poate limita accesul la site ori la anumite p\u0103r\u0163i din site. Totodat\u0103, BISERICA ADVENTIST\u0102 DE ZIUA A \u0218APTEA poate limita accesul la anumite facilit\u0103\u0163i\/frame-uri din site, poate aduce limit\u0103ri de acces anumitor IP-uri f\u0103r\u0103 notific\u0103ri \u015fi f\u0103r\u0103 vreo r\u0103spundere.<\/p>\n\n\n\n<p>e. Pe site-ul&nbsp;<a href=\"http:\/\/www.bisericagrant.ro\/\">www.bisericagrant.ro<\/a>&nbsp;pot fi postate informa\u0163ii medicale. Cu toate acestea, informa\u0163iile postate nu reprezint\u0103 sfaturi medicale similare celor pe care le pute\u0163i primi de la medicii care efectueaz\u0103 o consulta\u0163ie. Utilizatorii nu trebuie s\u0103 \u00ee\u0219i fundamenteze tratamentul pe sfaturile furnizate de&nbsp;<a href=\"http:\/\/www.bisericagrant.ro\/\">www.bisericagrant.ro<\/a>&nbsp;pentru c\u0103 \u00eentotdeauna un diagnostic medical necesit\u0103 consultarea pacientului de c\u0103tre un medic specialist.<\/p>\n\n\n\n<p>f. Toata informa\u0163ia prezentat\u0103 pe site este furnizat\u0103 f\u0103r\u0103 nici un fel de garan\u0163ie, expres\u0103 sau sugerat\u0103. Informa\u0163iile prezentate pe site v\u0103 sunt oferite cu bun\u0103 credin\u0163\u0103, din surse apreciate ca fiind de \u00eencredere. Nu garant\u0103m c\u0103 informa\u0163iile sunt exacte, complete sau obiective, de aceea nimeni nu trebuie sa se bazeze pe ele pentru nici un scop. BISERICA ADVENTIST\u0102 DE ZIUA A \u0218APTEA nu va fi responsabil\u0103 in fata nici unei persoane sau companii care folose\u0219te sau se bazeaz\u0103 pe informa\u0163ii neconforme postate de acest site.<\/p>\n\n\n\n<p><strong>1. CON\u0162INUTUL&nbsp;<\/strong><\/p>\n\n\n\n<p>a. Con\u0163inutul site-ului este destinat uzului personal, f\u0103r\u0103 scop direct ori indirect comercial. Toate materialele publicate (incluz\u00e2nd, dar f\u0103r\u0103 a se limita la, articole, informa\u0163ii, fotografii, date, clipuri audio\/video &#8211; generic numite con\u0163inut) sunt protejate de dispozi\u0163iile legale incidente: Legea nr. 8\/1996, cu modific\u0103rile \u015fi complet\u0103rile ulterioare &#8211; privind dreptul de autor \u015fi drepturile conexe, Legea nr. 84\/1998 &#8211; privind m\u0103rcile \u015fi indica\u0163iile geografice \u015fi Legea nr. 129\/1992, republicat\u0103 \u2013 privind protec\u0163ia desenelor \u015fi modelelor. Lipsa men\u0163iunii privind unele texte legale ori dispozi\u0163ii incidente nu duc la inaplicabilitatea acestora.<\/p>\n\n\n\n<p>b. Site-ul \u015fi Con\u0163inutul sunt protejate de Legea drepturilor de autor din Rom\u00e2nia, precum \u015fi de dispozi\u0163iile privitoare la copyright aplicabile \u00een alte state dec\u00e2t Rom\u00e2nia. Dumneavoastr\u0103 nu pute\u0163i copia, stoca, modifica ori transfera, cu orice titlu, \u00een parte ori \u00eentreg site-ul \u015fi\/sau Con\u0163inutul. Exploatarea este liber\u0103, sub condi\u0163ia non-comercialit\u0103\u0163ii \u015fi respect\u0103rii termenilor impu\u015fi de c\u0103tre www.bisericagrant.ro.<\/p>\n\n\n\n<p>c. Orice form\u0103 de copiere, stocare, modificare \u015fi\/sau transmitere a Con\u0163inutului este expres interzis\u0103, f\u0103r\u0103 acordul prealabil \u015fi scris al&nbsp;<a href=\"http:\/\/www.bisericagrant.ro\/\">www.bisericagrant.ro<\/a>&nbsp;.<\/p>\n\n\n\n<p>d. BISERICA ADVENTIST\u0102 DE ZIUA A \u0218APTEA nu r\u0103spunde de eventualele prejudicii, litigii existente, n\u0103scute ori izvor\u00e2te \u00een leg\u0103tur\u0103 cu\/din copierea, stocarea, modificare ori transferarea \u00eentregului ori a unei p\u0103r\u0163i din Con\u0163inut \u00een orice mediu.<\/p>\n\n\n\n<p>e. \u00cen cazul \u00een care considera\u0163i c\u0103 orice material publicat pe acest site de echipa redac\u0163ional\u0103 sau de oricine altcineva \u00eencalc\u0103 drepturile de autor sau orice alte drepturi, v\u0103 rug\u0103m s\u0103 ne sesiza\u0163i acest lucru printr-un mesaj trimis la adresa publicat\u0103 \u00een sec\u0163iunea \u201dContact\u201d a site-ului.<\/p>\n\n\n\n<p>f. V\u0103 inform\u0103m c\u0103 BISERICA ADVENTIST\u0102 DE ZIUA A \u0218APTEA \u00ee\u015fi va asigura \u015fi impune \u00een mod hot\u0103r\u00eet recunoa\u015fterea drepturilor de proprietate intelectual\u0103 \u00een conformitate cu legile \u00een vigoare, ajung\u00e2nd dac\u0103 este cazul, la ac\u0163ionarea \u00een judecat\u0103 a celor vinova\u0163i de \u00eenc\u0103lcarea dreptului de proprietate intelectual\u0103.<\/p>\n\n\n\n<p><strong>2. DREPTURILE DE AUTOR&nbsp;<\/strong><\/p>\n\n\n\n<p>BISERICA ADVENTIST\u0102 DE ZIUA A \u0218APTEA acord\u0103 permisunea de a utiliza site-ul&nbsp;<a href=\"http:\/\/www.bisericagrant.ro\/\">www.bisericagrant.ro<\/a>&nbsp;\u00een urm\u0103toarele condi\u0163ii:<\/p>\n\n\n\n<p>a. Sunt interzise copierea, modificarea, expunerea, refolosirea, reproducerea, publicarea, autorizarea, acordarea de licen\u0163\u0103 de folosire, crearea de lucr\u0103ri derivate din site, sau s\u0103 transfera\u0163i, s\u0103 vinde\u0163i sau s\u0103 folosi\u0163i Con\u0163inutul publicat de c\u0103tre BISERICA ADVENTIST\u0102 DE ZIUA A \u0218APTEA pe acest site, materialele protejate prin legile na\u0163ionale \u015fi interna\u0163ionale de copyright, \u00een alt mod dec\u00e2t cu acordul scris al BISERICII ADVENTISTE DE ZIUA A \u0218APTEA precum \u015fi orice modalitate de exploatare a con\u0163inutului site-ului, cu excep\u0163ia afi\u015f\u0103rii pe ecranul unui computer personal \u015fi imprimarea sau desc\u0103rcarea, \u00een scop personal \u015fi necomercial, a anumitor documente sau informa\u0163ii explicit desemnate \u00een acest scop, cu condi\u0163ia p\u0103str\u0103rii nemodificate a tuturor elementelor care fac referire la drepturile de proprietate intelectual\u0103, alte drepturi de proprietate \u015fi condi\u0163iile de utilizare ale documentelor sau informa\u0163iilor respective.<\/p>\n\n\n\n<p>b. Este interzis\u0103 redistribuirea vreunei pagini din site prin framing cu excep\u0163ia existen\u0163ei unui acord scris din partea BISERICII ADVENTISTE DE ZIUA A \u0218APTEA cu privire la acceptul redistribuirii vreunei pagini.<\/p>\n\n\n\n<p>c. Preluarea de informa\u0163ii de c\u0103tre alte site-uri web poate fi f\u0103cut\u0103 numai \u00een acord cu termenii agrea\u0163i \u015fi men\u0163iona\u0163i in aceast\u0103 pagina de c\u0103tre BISERICA ADVENTIST\u0102 DE ZIUA A \u0218APTEA, cu excep\u0163ia unui acord, valabil \u015fi recunoscut de ambele par\u0163i, utilizator \u015fi BISERICA ADVENTIST\u0102 DE ZIUA A \u0218APTEA. \u00cen mod obligatoriu, \u00een aceste cazuri, trebuie citat\u0103 sursa informa\u0163iei. &nbsp;Sursa&nbsp;<a href=\"http:\/\/www.bisericagrant.ro\/\">www.bisericagrant.ro<\/a>&nbsp;va fi citat\u0103, cu link c\u0103tre site, \u00een primul paragraf. La sf\u00e2r\u015fitul ultimului paragraf al \u015ftirii \u015fi \u00een cadrul acestuia se va preciza \u201cIntegral pe&nbsp;<a href=\"http:\/\/www.bisericagrant.ro\/\">www.bisericagrant.ro<\/a>\u201d (sau o formul\u0103 echivalent\u0103, practicat\u0103 de site-urile \u00een cauz\u0103), aceast\u0103 formul\u0103 av\u00e2nd link \u00een&nbsp;<a href=\"http:\/\/www.bisericagrant.ro\/\">www.bisericagrant.ro<\/a>&nbsp;. Mediile offline se supun de asemenea termenilor agrea\u0163i de c\u0103tre BISERICA ADVENTIST\u0102 DE ZIUA A \u0218APTEA \u015fi \u00een conformitate cu prevederile Legii drepturilor de autor din Rom\u00e2nia. Site-ul poate con\u021bine link-uri c\u0103tre alte site-uri care nu sunt controlate de BISERICA ADVENTIST\u0102 DE ZIUA A \u0218APTEA din Rom\u00e2nia. Nu ne asum\u0103m responsabilitatea pentru con\u021binutul sau politica de confiden\u021bialitate a acestor site-uri externe.<\/p>\n\n\n\n<p><strong>3. R\u0102SPUNDERI&nbsp;<\/strong><\/p>\n\n\n\n<p>a. Prin utilizarea site-ului&nbsp;<a href=\"http:\/\/www.bisericagrant.ro\/\">www.bisericagrant.ro<\/a>&nbsp;, dumneavoastr\u0103 sunte\u0163i singurul responsabil at\u00e2t fa\u0163\u0103 de ter\u0163i, c\u00e2t \u015fi fa\u0163\u0103 de BISERICA ADVENTIST\u0102 DE ZIUA A \u0218APTEA \u00een leg\u0103tur\u0103 cu accesarea\/utilizarea\/exploatarea con\u0163inutului. BISERICA ADVENTIST\u0102 DE ZIUA A \u0218APTEA \u015fi angaja\u0163ii sau orice alt\u0103 parte implicat\u0103 \u00een conceperea, producerea sau oferirea site-ului nu sunt r\u0103spunz\u0103toare pentru daune directe sau indirecte, de orice natur\u0103, ce ar rezulta din sau \u00een leg\u0103tur\u0103 cu utilizarea acestui site sau a con\u0163inului s\u0103u. BISERICA ADVENTIST\u0102 DE ZIUA A \u0218APTEA nu \u00ee\u015fi asum\u0103 nicio responsabilitate \u015fi nu va fi raspunz\u0103toare pentru nicio daun\u0103 sau viru\u015fi care ar putea s\u0103 v\u0103 infecteze computerul sau alte bunuri \u00een urma acces\u0103rii sau utiliz\u0103rii acestui site, sau desc\u0103rc\u0103rii oricarui material, informa\u0163ii, text, imagini, video sau audio de pe acest site.<\/p>\n\n\n\n<p>b. Utilizarea site-ului reprezint\u0103 faptul c\u0103 declara\u0163i \u015fi sunte\u0163i de acord cu publicarea de c\u0103tre&nbsp;<a href=\"http:\/\/www.bisericagrant.ro\/\">www.bisericagrant.ro<\/a>&nbsp;a unui con\u0163inut, stabilit pe baza unor criterii proprii, con\u0163inut ce poate fi interpretat ca fiind publicat, prezentat \u00eentr-o manier\u0103 care s\u0103 nu fie conform\u0103 cu dorin\u0163ele sau crezul dumneavoastr\u0103. \u00centr-un astfel de caz, r\u0103spunderea BISERICII ADVENTISTE DE ZIUA A \u0218APTEA nu poate fi re\u0163inut\u0103.<\/p>\n\n\n\n<p><strong>4. OBLIGA\u021aIILE UTILIZATORILOR LA \u00ceNREGISTRARE&nbsp;<\/strong><\/p>\n\n\n\n<p>a. Accesul la con\u0163inutul online al site-ului&nbsp;<a href=\"http:\/\/www.bisericagrant.ro\/\">www.bisericagrant.ro<\/a>&nbsp;este liber.<\/p>\n\n\n\n<p><strong>5. COOKIES&nbsp;<\/strong><\/p>\n\n\n\n<p>a. Site-ul&nbsp;<a href=\"http:\/\/www.bisericagrant.ro\/\">www.bisericagrant.ro<\/a>&nbsp;folose\u015fte cookie-uri. Pentru mai multe informa\u0163ii \u015fi pentru a v\u0103 exprima acordul cu privire la politica de utilizare cookie v\u0103 rug\u0103m s\u0103 accesa\u0163i informarea privind cookie-urile utilizate, publicat\u0103 pe acest site.<\/p>\n\n\n\n<p><strong>6. SECURITATE&nbsp;<\/strong><\/p>\n\n\n\n<p>a. BISERICA ADVENTIST\u0102 DE ZIUA A \u0218APTEA adopt\u0103 toate m\u0103surile de securitate pentru a proteja informa\u0163iile personale ale utilizatorilor s\u0103i. \u00cen momentul complet\u0103rii datelor personale pe site-ul nostru, informa\u0163iile vor fi protejate at\u00e2t offline, c\u00e2t \u015fi online. Doar angaja\u0163ii a c\u0103ror activitate specific\u0103 implic\u0103 lucrul cu informa\u0163ii personale au acces la datele de identificare ale utilizatorilor. Serverele pe care sunt stocate informa\u0163iile personale de identificare a utilizatorilor sunt localizate \u00eentr-un loc securizat. Pentru mai multe informa\u0163ii cu privire la ce date prelucr\u0103m, care sunt drepturile dumneavoastr\u0103 \u015fi informa\u0163ii generale cu privire la prelucrarea de date cu caracter personal, v\u0103 rug\u0103m s\u0103 accesa\u0163i politica privind confiden\u0163ialitatea, publicat\u0103 pe acest site.<\/p>\n\n\n\n<p><strong>7. R\u0102SPUNDERE. DESP\u0102GUBIRI.&nbsp;<\/strong><\/p>\n\n\n\n<p>a. Con\u0163inutul acestui site, este furnizat de BISERICA ADVENTIST\u0102 DE ZIUA A \u0218APTEA. Acest site este un instrument de informare, mijloc de contact \u0219i de cunoa\u0219tere, \u00eens\u0103 nu ofer\u0103 niciun fel de sfat medical \u015fi nici recomand\u0103ri referitoare la &nbsp;instrumente sau produse medicale. b.&nbsp;<a href=\"http:\/\/www.bisericagrant.ro\/\">www.bisericagrant.ro<\/a>&nbsp;nu cere utilizatorilor s\u0103i informa\u0163ii personale prin intermediul unei coresponden\u0163e nesolicitate de ace\u015ftia. Orice tip de coresponden\u0163\u0103 care cere divulgarea de informa\u0163ii personale trebuie considerat un fals \u015fi raportat c\u0103tre BISERICA ADVENTIST\u0102 DE ZIUA A \u0218APTEA prin intermediul adresei de e-mail&nbsp;<a href=\"mailto:comunicare@adventist.ro\">comunicare@adventist.ro<\/a>&nbsp;&nbsp;<\/p>\n\n\n\n<p>c. In mod expres, Utilizatorii Site-ului sunt de acord sa exonereze BISERICA ADVENTIST\u0102 DE ZIUA A \u0218APTEA de raspundere pentru orice actiune judiciara sau extrajudiciara, care provine ca urmare a utilizarii incorecte sau frauduloase a site-ului. Pentru cazul fortuit, BISERICA ADVENTIST\u0102 DE ZIUA A \u0218APTEA si\/sau angaja\u0163ii sau orice alt\u0103 parte implicat\u0103 \u00een conceperea con\u0163inutului sau func\u0163ionarea site-ului, sunt exonera\u0163i total de r\u0103spundere. Cazurile fortuite includ, dar nu se limiteaza la, erori de functionare ale echipamentului tehnic al BISERICII ADVENTISTE DE ZIUA A \u0218APTEA, lipsa functionarii conexiunii la internet, lipsa functionarii conexiunilor de telefon, virusii informatici, accesul neautorizat la sistemele Site-ului, erorile de operare, etc. Utilizatorii sunt de acord sa protejeze si sa asigure BISERICA ADVENTIST\u0102 DE ZIUA A \u0218APTEA si\/sau angaja\u0163ii sau orice alt\u0103 parte implicat\u0103 \u00een conceperea con\u0163inutului sau func\u0163ionarea site-ului de si impotriva oricaror cereri, pretentii, actiuni, impuneri, pierderi, daune, costuri (incluzand, fara nici un fel de limitare, onorariile avocatilor), cheltuieli de judecat\u0103, decizii, amenzi, regularizari sau alte obligatii rezultate sau relationate cu orice alta actiune a Utilizatorului in legatura cu utilizarea serviciului&nbsp;<a href=\"http:\/\/www.bisericagrant.ro\/\">www.bisericagrant.ro<\/a>&nbsp;sau orice alt aspect relationat cu acesta.<\/p>\n\n\n\n<p>d. Fiecare utilizator al site-ului&nbsp;<a href=\"http:\/\/www.bisericagrant.ro\/\">www.bisericagrant.ro<\/a>&nbsp;este de acord ca, la cererea BISERICII ADVENTISTE DE ZIUA A \u0218APTEA, s\u0103 exonereze de r\u0103spundere BISERICA ADVENTIST\u0102 DE ZIUA A \u0218APTEA pentru orice ac\u0163iuni judiciare sau extrajudiciare, \u015fi s\u0103 acopere cheltuielile de judecat\u0103 \u015fi orice alte cheltuieli care ar putea s\u0103 apar\u0103 ca urmare a \u00eenc\u0103lc\u0103rii de c\u0103tre utilizatorul respectiv a clauzelor din prezentul document. Persoanele fizice sau juridice responsabile de \u00eenc\u0103lcarea prevederilor din prezentul document vor suporta prevederile legisla\u0163iei \u00een vigoare \u00een Rom\u00e2nia.<\/p>\n\n\n\n<p>e.&nbsp;<a href=\"http:\/\/www.bisericagrant.ro\/\">www.bisericagrant.ro<\/a>&nbsp;\u00ee\u015fi rezerv\u0103 dreptul de a modifica \u015fi actualiza aceste condi\u0163ii \u00een orice moment. Modific\u0103rile devin efective de la momentul public\u0103rii lor pe site.<\/p>\n\n\n\n<p><strong>8. ACTUALIZARE&nbsp;<\/strong><\/p>\n\n\n\n<p>a. Ace\u015ft document este actualizat de c\u00e2te ori este nevoie. Modific\u0103rile se vor reflecta \u00een tipul de informa\u0163ii publicate sau transmite de c\u0103tre&nbsp;<a href=\"http:\/\/www.bisericagrant.ro\/\">www.bisericagrant.ro<\/a>&nbsp;. V\u0103 rug\u0103m s\u0103 citi\u0163i periodic aceste condi\u0163ii, pentru a fi la curent cu ce informa\u0163ii colecteaz\u0103, folose\u015fte \u015fi transmite site-ul&nbsp;<a href=\"http:\/\/www.bisericagrant.ro\/\">www.bisericagrant.ro<\/a>&nbsp;.<\/p>\n\n\n\n<p><strong>9. LEGEA APLICABIL\u0102 \u0218I SOLU\u021aIONAREA LITIGIILOR<\/strong><\/p>\n\n\n\n<p>a. Ace\u0219ti termeni \u0219i condi\u021bii sunt guverna\u021bi de legea rom\u00e2n\u0103.<\/p>\n\n\n\n<p>b. Orice conflict sau litigiu ap\u0103rut \u00eentre utilizator \u0219i BISERICA ADVENTIST\u0102 DE ZIUA A \u0218APTEA din Rom\u00e2nia va fi solu\u021bionat pe cale amiabil\u0103 \u00een mod direct sau prin mediere la un mediator autorizat. \u00cen caz contrar, litigiul va fi solu\u021bionat de instan\u021bele rom\u00e2ne competente potrivit legii.<\/p>\n\n\n\n<p><strong>10. CONTACT<\/strong><\/p>\n\n\n\n<p>a. Pentru \u00eentreb\u0103ri sau nel\u0103muriri privind ace\u0219ti Termeni \u0219i Condi\u021bii, v\u0103 rug\u0103m s\u0103 ne contacta\u021bi la adresa de email &nbsp;contact@bisericagrant.ro<\/p>\n","protected":false},"excerpt":{"rendered":"<p>TERMENII \u015eI CONDI\u0162IILE DE UTILIZARE&nbsp; a site-ului&nbsp;www.bisericagrant.ro&nbsp;, site ce apar\u021bine UNIUNII DE CONFERIN\u021aE A BISERICII ADVENTISTE DE ZIUA A \u0218APTEA din Rom\u00e2nia, denumit\u0103 \u00een continuare BISERICA ADVENTIST\u0102 DE ZIUA A \u0218APTEA.&nbsp; Toate drepturile rezervate. Adresa: Erou Iancu Nicolae Nr. 38-38A Voluntari , Ilfov, 077190, Rom\u00e2nia. Telefon: +4 0740 104 001, &nbsp;email: comunicare@adventist.ro, Ultima actualizare: 15 [&hellip;]<\/p>\n","protected":false},"author":1,"featured_media":0,"parent":0,"menu_order":0,"comment_status":"closed","ping_status":"closed","template":"","meta":{"footnotes":""},"class_list":["post-39","page","type-page","status-publish","hentry"],"yoast_head":"<!-- This site is optimized with the Yoast SEO plugin v26.1.1 - https:\/\/yoast.com\/wordpress\/plugins\/seo\/ -->\n<title>Termeni si conditii - Rezervare eveniment<\/title>\n<meta name=\"robots\" content=\"noindex, follow, max-snippet:-1, max-image-preview:large, max-video-preview:-1\" \/>\n<meta property=\"og:locale\" content=\"en_US\" \/>\n<meta property=\"og:type\" content=\"article\" \/>\n<meta property=\"og:title\" content=\"Termeni si conditii - Rezervare eveniment\" \/>\n<meta property=\"og:description\" content=\"TERMENII \u015eI CONDI\u0162IILE DE UTILIZARE&nbsp; a site-ului&nbsp;www.bisericagrant.ro&nbsp;, site ce apar\u021bine UNIUNII DE CONFERIN\u021aE A BISERICII ADVENTISTE DE ZIUA A \u0218APTEA din Rom\u00e2nia, denumit\u0103 \u00een continuare BISERICA ADVENTIST\u0102 DE ZIUA A \u0218APTEA.&nbsp; Toate drepturile rezervate. Adresa: Erou Iancu Nicolae Nr. 38-38A Voluntari , Ilfov, 077190, Rom\u00e2nia. Telefon: +4 0740 104 001, &nbsp;email: comunicare@adventist.ro, Ultima actualizare: 15 [&hellip;]\" \/>\n<meta property=\"og:url\" content=\"https:\/\/rezervari.bisericagrant.ro\/index.php\/termen-si-conditii\/\" \/>\n<meta property=\"og:site_name\" content=\"Rezervare eveniment\" \/>\n<meta property=\"article:modified_time\" content=\"2025-10-16T12:13:47+00:00\" \/>\n<meta name=\"twitter:card\" content=\"summary_large_image\" \/>\n<meta name=\"twitter:label1\" content=\"Est. reading time\" \/>\n\t<meta name=\"twitter:data1\" content=\"9 minutes\" \/>\n<script type=\"application\/ld+json\" class=\"yoast-schema-graph\">{\"@context\":\"https:\/\/schema.org\",\"@graph\":[{\"@type\":\"WebPage\",\"@id\":\"https:\/\/rezervari.bisericagrant.ro\/index.php\/termen-si-conditii\/\",\"url\":\"https:\/\/rezervari.bisericagrant.ro\/index.php\/termen-si-conditii\/\",\"name\":\"Termeni si conditii - Rezervare eveniment\",\"isPartOf\":{\"@id\":\"https:\/\/rezervari.bisericagrant.ro\/#website\"},\"datePublished\":\"2025-10-16T11:25:07+00:00\",\"dateModified\":\"2025-10-16T12:13:47+00:00\",\"breadcrumb\":{\"@id\":\"https:\/\/rezervari.bisericagrant.ro\/index.php\/termen-si-conditii\/#breadcrumb\"},\"inLanguage\":\"en-US\",\"potentialAction\":[{\"@type\":\"ReadAction\",\"target\":[\"https:\/\/rezervari.bisericagrant.ro\/index.php\/termen-si-conditii\/\"]}]},{\"@type\":\"BreadcrumbList\",\"@id\":\"https:\/\/rezervari.bisericagrant.ro\/index.php\/termen-si-conditii\/#breadcrumb\",\"itemListElement\":[{\"@type\":\"ListItem\",\"position\":1,\"name\":\"Home\",\"item\":\"https:\/\/rezervari.bisericagrant.ro\/\"},{\"@type\":\"ListItem\",\"position\":2,\"name\":\"Termeni si conditii\"}]},{\"@type\":\"WebSite\",\"@id\":\"https:\/\/rezervari.bisericagrant.ro\/#website\",\"url\":\"https:\/\/rezervari.bisericagrant.ro\/\",\"name\":\"Rezervare eveniment\",\"description\":\"\",\"potentialAction\":[{\"@type\":\"SearchAction\",\"target\":{\"@type\":\"EntryPoint\",\"urlTemplate\":\"https:\/\/rezervari.bisericagrant.ro\/?s={search_term_string}\"},\"query-input\":{\"@type\":\"PropertyValueSpecification\",\"valueRequired\":true,\"valueName\":\"search_term_string\"}}],\"inLanguage\":\"en-US\"}]}<\/script>\n<!-- \/ Yoast SEO plugin. -->","yoast_head_json":{"title":"Termeni si conditii - Rezervare eveniment","robots":{"index":"noindex","follow":"follow","max-snippet":"max-snippet:-1","max-image-preview":"max-image-preview:large","max-video-preview":"max-video-preview:-1"},"og_locale":"en_US","og_type":"article","og_title":"Termeni si conditii - Rezervare eveniment","og_description":"TERMENII \u015eI CONDI\u0162IILE DE UTILIZARE&nbsp; a site-ului&nbsp;www.bisericagrant.ro&nbsp;, site ce apar\u021bine UNIUNII DE CONFERIN\u021aE A BISERICII ADVENTISTE DE ZIUA A \u0218APTEA din Rom\u00e2nia, denumit\u0103 \u00een continuare BISERICA ADVENTIST\u0102 DE ZIUA A \u0218APTEA.&nbsp; Toate drepturile rezervate. Adresa: Erou Iancu Nicolae Nr. 38-38A Voluntari , Ilfov, 077190, Rom\u00e2nia. Telefon: +4 0740 104 001, &nbsp;email: comunicare@adventist.ro, Ultima actualizare: 15 [&hellip;]","og_url":"https:\/\/rezervari.bisericagrant.ro\/index.php\/termen-si-conditii\/","og_site_name":"Rezervare eveniment","article_modified_time":"2025-10-16T12:13:47+00:00","twitter_card":"summary_large_image","twitter_misc":{"Est. reading time":"9 minutes"},"schema":{"@context":"https:\/\/schema.org","@graph":[{"@type":"WebPage","@id":"https:\/\/rezervari.bisericagrant.ro\/index.php\/termen-si-conditii\/","url":"https:\/\/rezervari.bisericagrant.ro\/index.php\/termen-si-conditii\/","name":"Termeni si conditii - Rezervare eveniment","isPartOf":{"@id":"https:\/\/rezervari.bisericagrant.ro\/#website"},"datePublished":"2025-10-16T11:25:07+00:00","dateModified":"2025-10-16T12:13:47+00:00","breadcrumb":{"@id":"https:\/\/rezervari.bisericagrant.ro\/index.php\/termen-si-conditii\/#breadcrumb"},"inLanguage":"en-US","potentialAction":[{"@type":"ReadAction","target":["https:\/\/rezervari.bisericagrant.ro\/index.php\/termen-si-conditii\/"]}]},{"@type":"BreadcrumbList","@id":"https:\/\/rezervari.bisericagrant.ro\/index.php\/termen-si-conditii\/#breadcrumb","itemListElement":[{"@type":"ListItem","position":1,"name":"Home","item":"https:\/\/rezervari.bisericagrant.ro\/"},{"@type":"ListItem","position":2,"name":"Termeni si conditii"}]},{"@type":"WebSite","@id":"https:\/\/rezervari.bisericagrant.ro\/#website","url":"https:\/\/rezervari.bisericagrant.ro\/","name":"Rezervare eveniment","description":"","potentialAction":[{"@type":"SearchAction","target":{"@type":"EntryPoint","urlTemplate":"https:\/\/rezervari.bisericagrant.ro\/?s={search_term_string}"},"query-input":{"@type":"PropertyValueSpecification","valueRequired":true,"valueName":"search_term_string"}}],"inLanguage":"en-US"}]}},"_links":{"self":[{"href":"https:\/\/rezervari.bisericagrant.ro\/index.php\/wp-json\/wp\/v2\/pages\/39","targetHints":{"allow":["GET"]}}],"collection":[{"href":"https:\/\/rezervari.bisericagrant.ro\/index.php\/wp-json\/wp\/v2\/pages"}],"about":[{"href":"https:\/\/rezervari.bisericagrant.ro\/index.php\/wp-json\/wp\/v2\/types\/page"}],"author":[{"embeddable":true,"href":"https:\/\/rezervari.bisericagrant.ro\/index.php\/wp-json\/wp\/v2\/users\/1"}],"replies":[{"embeddable":true,"href":"https:\/\/rezervari.bisericagrant.ro\/index.php\/wp-json\/wp\/v2\/comments?post=39"}],"version-history":[{"count":4,"href":"https:\/\/rezervari.bisericagrant.ro\/index.php\/wp-json\/wp\/v2\/pages\/39\/revisions"}],"predecessor-version":[{"id":66,"href":"https:\/\/rezervari.bisericagrant.ro\/index.php\/wp-json\/wp\/v2\/pages\/39\/revisions\/66"}],"wp:attachment":[{"href":"https:\/\/rezervari.bisericagrant.ro\/index.php\/wp-json\/wp\/v2\/media?parent=39"}],"curies":[{"name":"wp","href":"https:\/\/api.w.org\/{rel}","templated":true}]}}